{"id":2,"date":"2012-12-09T17:41:30","date_gmt":"2012-12-09T15:41:30","guid":{"rendered":"http:\/\/www.upsd.org.tr\/?page_id=2"},"modified":"2018-01-25T17:33:57","modified_gmt":"2018-01-25T15:33:57","slug":"ornek-sayfa","status":"publish","type":"page","link":"https:\/\/www.upsd.org.tr\/?page_id=2","title":{"rendered":"UPSD"},"content":{"rendered":"<p>Uluslararas\u0131 Plastik Sanatlar Derne\u011fi&#8217;nin Kurulu\u015fu<br \/>\nUPSD, Birle\u015fmi\u015f Milletler E\u011fitim, Bilim ve K\u00fclt\u00fcrel Organizasyonu UNESCOnun b\u00fcnyesinde 1989 y\u0131l\u0131nda \u0130stanbul&#8217;da kurulmu\u015ftur.<\/p>\n<p>Uluslararas\u0131 Plastik Sanatlar Derne\u011fi&#8217;nin Kurulu\u015f Amac\u0131<br \/>\nSon y\u0131llarda d\u00fcnyada ya\u015fanan sosyal, politik ve ekonomik hareketlenmenin ivmesi; plastik sanatlar alan\u0131nda \u00fcretim, pazar ve yayg\u0131nla\u015fma konular\u0131nda yeni boyutlar kazand\u0131rm\u0131\u015ft\u0131r.<\/p>\n<p>Bu s\u00fcre\u00e7 i\u00e7inde, T\u00fcrkiye&#8217;de, sanat\u0131 bilfiil \u00fcreten sanat\u00e7\u0131lar\u0131n, s\u00f6zkonusu etti\u011fimiz olu\u015fumlar kar\u015f\u0131s\u0131nda, sanat\u00e7\u0131 ad\u0131na cevap \u00fcretecek profesyonel anlamda kapsaml\u0131 bir \u00f6rg\u00fctlenmeye sahip olmamalar\u0131 \u00f6nemli bir eksiklik olarak kar\u015f\u0131m\u0131za \u00e7\u0131kmaktayd\u0131. Ayr\u0131ca yurt i\u00e7inde tam olarak kurumla\u015famam\u0131\u015f olan plastik sanatlar alan\u0131ndaki belirsizlik, \u00f6rg\u00fctlenmeyi ka\u00e7\u0131n\u0131lmaz hale getirdi.<\/p>\n<p>\u0130\u00e7inde ya\u015famakta oldu\u011fumuz d\u00fcnya yo\u011fun ileti\u015fimin de etkileri ile uluslararas\u0131 ili\u015fkilerde ekonomik ve k\u00fclt\u00fcrel s\u0131n\u0131rlar\u0131 giderek eritmektedir. Bu s\u00fcre\u00e7te T\u00fcrkiye d\u0131\u015fa a\u00e7\u0131lmay\u0131 temel politikalar\u0131ndan biri olarak belirledi. Halen ekonomik alanda s\u00fcrmekte olan bu d\u0131\u015fa a\u00e7\u0131l\u0131m, sanat ve k\u00fclt\u00fcrle desteklenmedi\u011fi s\u00fcrece ba\u015far\u0131ya ula\u015famayacakt\u0131r.<\/p>\n<p>Bu nedenleri g\u00f6z\u00f6n\u00fcne alarak, hem \u00fclkemizdeki olu\u015fumlara katk\u0131da bulunmak, hem de uluslar alan\u0131na a\u00e7\u0131lmay\u0131 desteklemek amac\u0131 ile 25.5.1989 tarihinde Plastik Sanatlar Derne\u011fi&#8217;ni kurduk.<\/p>\n<p>Profesyonel sanat\u00e7\u0131lar\u0131n olu\u015fturdu\u011fu P.SD. uluslararas\u0131 bir kurulu\u015f olan UNESCO-A.I.A.P.&#8217;a \u00fcye olarak \u00e7al\u0131\u015facakt\u0131r.<\/p>\n<p>Plastik Sanatlar Derne\u011fi, estetik politik, k\u00fclt\u00fcrel veya herhangi ba\u015fka bir t\u00fcrden \u00f6nyarg\u0131 ve tekelcili\u011fi bar\u0131nd\u0131rmayan ulusal ve uluslararas\u0131 i\u015fbirli\u011fini olu\u015fturmak g\u00f6r\u00fc\u015f\u00fcndedir.<\/p>\n<p>Plastik Sanatlar Derne\u011fi&#8217;nin ama\u00e7lar\u0131 P.S.D.&#8217;nin t\u00fcz\u00fc\u011f\u00fcnde \u015f\u00f6yle yeralmaktad\u0131r.<br \/>\n1. Ulusal ve uluslararas\u0131 sergiler, yar\u0131\u015fmalar, festivaller, seminerler, konferanslar ve di\u011fer sanatsal ve k\u00fclt\u00fcrel etkinliklere kat\u0131lmak ve uluslararas\u0131 sergileri getirmek \u00fczere \u00e7al\u0131\u015fmalar yapar ve \u00fcyelerine duyurur.<\/p>\n<p>2. Derne\u011fin ama\u00e7lar\u0131na d\u00f6n\u00fck gazete, dergi, b\u00fclten ve benzeri yay\u0131nlar \u00e7\u0131kar\u0131r.<\/p>\n<p>3. Sanat\u00e7\u0131lar\u0131n yurt d\u0131\u015f\u0131na \u00e7\u0131k\u0131\u015flar\u0131nda, pasaportlar\u0131na sanat\u00e7\u0131 stat\u00fcs\u00fcn\u00fc koydurmay\u0131 ve yap\u0131tlar\u0131n\u0131n g\u00fcmr\u00fck sorunlar\u0131n\u0131 \u00e7\u00f6zmeyi g\u00f6rev sayar.<br \/>\nAIAP&#8217;\u0131n \u00fcyelerine sa\u011flad\u0131\u011f\u0131, uluslararas\u0131 kolayl\u0131klardan T\u00fcrk sanat\u00e7\u0131lar\u0131n\u0131n da yararlanmas\u0131 i\u00e7in giri\u015fimlerde bulunur.<\/p>\n<p>4. \u00dclkemizde \u00e7a\u011fda\u015f sanatlar m\u00fczelerinin kurulmas\u0131 konusunda \u00e7al\u0131\u015fmalar yapar.<\/p>\n<p>5. Sanat\u00e7\u0131lar\u0131n manevi ve maddi konumlar\u0131n\u0131 korumak ve g\u00fc\u00e7lendirmek i\u00e7in \u00e7al\u0131\u015fmalar yapar.<\/p>\n<p>6. Fikir ve sanat eserleri yasas\u0131n\u0131n ya\u015fama ge\u00e7irilmesi ve yasada yetersiz kalan haklar\u0131n geli\u015ftirilmesi i\u00e7in \u00e7aba sarfeder.<\/p>\n<p>7. \u00dcyelerini yasal haklar\u0131 konusunda bilgilendirir. Yaz\u0131l\u0131 s\u00f6zle\u015fme \u00f6rnekleri haz\u0131rlar ve bunlar\u0131n uygulanmas\u0131n\u0131 sa\u011flar. Sanat\u00e7\u0131lar\u0131n mesleki yasal haklar\u0131 (copy-right, patent v.b.) ile ilgili sorunlar\u0131n\u0131 dernek olanaklar\u0131 ile savunur.<\/p>\n<p>8. Sanat\u00e7\u0131lar\u0131n sosyal haklar\u0131n\u0131n, \u00f6zellikle sa\u011fl\u0131k ve ihtiyarl\u0131k sigortlar\u0131n\u0131n sa\u011flanmas\u0131 i\u00e7in giri\u015fimlerde bulunur.<\/p>\n<p>9. \u00dcyelerin sosyal yard\u0131m, konut gibi sorunlar\u0131na e\u011filinmesi, dernek yoluyla kooperatifler kurulmas\u0131 konusunda \u00e7aba sarfeder.<\/p>\n","protected":false},"excerpt":{"rendered":"<p>Uluslararas\u0131 Plastik Sanatlar Derne\u011fi&#8217;nin Kurulu\u015fu UPSD, Birle\u015fmi\u015f Milletler E\u011fitim, Bilim ve K\u00fclt\u00fcrel Organizasyonu UNESCOnun b\u00fcnyesinde 1989 y\u0131l\u0131nda \u0130stanbul&#8217;da kurulmu\u015ftur. Uluslararas\u0131 Plastik Sanatlar Derne\u011fi&#8217;nin Kurulu\u015f Amac\u0131 Son y\u0131llarda d\u00fcnyada ya\u015fanan sosyal, politik ve ekonomik hareketlenmenin ivmesi; plastik sanatlar alan\u0131nda \u00fcretim, pazar ve yayg\u0131nla\u015fma konular\u0131nda yeni boyutlar &hellip; <a href=\"https:\/\/www.upsd.org.tr\/?page_id=2\" class=\"more-link\"><span>Devam\u0131<span class=\"screen-reader-text\">UPSD<\/span><\/span><\/a><\/p>\n","protected":false},"author":1,"featured_media":0,"parent":0,"menu_order":0,"comment_status":"closed","ping_status":"closed","template":"","meta":{"footnotes":""},"class_list":["post-2","page","type-page","status-publish","hentry"],"_links":{"self":[{"href":"https:\/\/www.upsd.org.tr\/index.php?rest_route=\/wp\/v2\/pages\/2","targetHints":{"allow":["GET"]}}],"collection":[{"href":"https:\/\/www.upsd.org.tr\/index.php?rest_route=\/wp\/v2\/pages"}],"about":[{"href":"https:\/\/www.upsd.org.tr\/index.php?rest_route=\/wp\/v2\/types\/page"}],"author":[{"embeddable":true,"href":"https:\/\/www.upsd.org.tr\/index.php?rest_route=\/wp\/v2\/users\/1"}],"replies":[{"embeddable":true,"href":"https:\/\/www.upsd.org.tr\/index.php?rest_route=%2Fwp%2Fv2%2Fcomments&post=2"}],"version-history":[{"count":3,"href":"https:\/\/www.upsd.org.tr\/index.php?rest_route=\/wp\/v2\/pages\/2\/revisions"}],"predecessor-version":[{"id":1286,"href":"https:\/\/www.upsd.org.tr\/index.php?rest_route=\/wp\/v2\/pages\/2\/revisions\/1286"}],"wp:attachment":[{"href":"https:\/\/www.upsd.org.tr\/index.php?rest_route=%2Fwp%2Fv2%2Fmedia&parent=2"}],"curies":[{"name":"wp","href":"https:\/\/api.w.org\/{rel}","templated":true}]}}